 69 is divided by c(-12).
15
Let i(l) = -l - 2. Let x(s) = -s**2 + 6*s + 5. Let v be x(8). Calculate the remainder when 26 is divided by i(v).
8
Suppose 0 = a - 4*a - d + 57, -4*a = -d - 83. Suppose 4*r + 3*m - 251 = 0, -5*r + 271 = 3*m - 39. What is the remainder when r is divided by a?
19
Suppose -85 - 51 = -2*c. What is the remainder when c is divided by 7?
5
Suppose 2*h - 4 = 5*b + 26, 4*h = 5*b + 50. What is the remainder when 36 is divided by h?
6
Suppose -4*o = q - 136, 34 = 2*o + q - 34. Calculate the remainder when 131 is divided by o.
29
Suppose 3*v + 39 = 4*p - 63, 3*p = 5*v + 71. Calculate the remainder when p is divided by 11.
5
Suppose 3*n = 8*n - 15. Suppose 0 = n*m - 12. What is the remainder when 11 is divided by m?
3
Let z(n) = 4*n + 23. Calculate the remainder when z(-5) is divided by 2.
1
Let n(w) = 4*w**2 - 11*w + 14. What is the remainder when n(8) is divided by 47?
41
Let j(m) = m + 1. Let n be j(-7). Let i(h) = 0*h**3 - 4*h**2 - 5 - 8*h**3 + 3*h + 7*h**3. Calculate the remainder when i(n) is divided by 13.
10
Let o(l) = -l**3 + 2*l**2 + 5*l - 3. Let q be o(3). Suppose 3 = w - q. Let t(a) = -a**3 + 4*a**2 + 3*a - 2. What is the remainder when t(4) is divided by w?
4
Let y be (-50)/(-6)*(8 - -1). Let k = 107 - y. Let p = 28 + -17. What is the remainder when k is divided by p?
10
Let n(y) = -y + 5. Let b be n(4). Calculate the remainder when 4/1*(b + 0) is divided by (6/10)/(3/15).
1
Suppose -3 = -4*v + v. Let k = v - 0. Let c = 2 - 1. What is the remainder when k is divided by c?
0
Suppose 7*b - 482 = -55. Calculate the remainder when b is divided by 22.
17
Suppose -5*f + 5*o = -20, 5*f = -0*f - 4*o + 20. Suppose -4*l + 236 = f. What is the remainder when l is divided by 15?
13
Suppose -5*j - 95 = -5*d, j + 45 = 3*d - 10. Calculate the remainder when 51 is divided by d.
15
What is the remainder when (-108)/30*(-5)/3 is divided by 2?
0
Calculate the remainder when (-6)/(-14) + 74/7 is divided by 6.
5
Let o(g) = -g**2 + 13*g + 4. Let u be o(13). What is the remainder when 38 is divided by (2/u)/((-2)/(-80))?
18
Suppose 0 = 51*b - 53*b + 186. What is the remainder when b is divided by 48?
45
Suppose 0*m = m - 2. Let u = -10 - m. Let g = u - -77. Calculate the remainder when g is divided by 22.
21
Suppose -f + 1 = 3*n - 6, -n = 5*f - 7. Calculate the remainder when 2/(n*(-1)/(-49)) is divided by 17.
15
Let x be (5/(-2))/5*-2. Let y be (x - 0/(-1))*1. Calculate the remainder when 87/3 + -2 - y is divided by 9.
8
Let g(s) = -s**3 - 5*s**2 + 7*s - 7. Let v = 11 + -18. What is the remainder when g(v) is divided by 11?
9
Suppose -4*s = -b - 225, -b = 3*b + 20. What is the remainder when s is divided by 14?
13
Let l = 24 + -7. Calculate the remainder when 66 is divided by l.
15
Suppose 4*i - 5*z - 116 = 0, -z = 4*i - 94 - 22. Let v(m) = -3*m. Let x be v(-4). Calculate the remainder when i is divided by x/(-42) + 144/14.
9
Let p = 83 + -77. Calculate the remainder when 15 is divided by p.
3
Let q = 53 - 20. What is the remainder when 129 is divided by q?
30
Suppose 0*z = -3*z + 2*x - 20, -5*x = -5*z - 30. Suppose 0 = -5*t - 27 - 3. Calculate the remainder when 41 is divided by ((-21)/(-2))/(t/z).
13
Let r(z) = -z + 9. Calculate the remainder when 54 is divided by r(-5).
12
Let o(l) = l**2 + 6*l + 7. Let x = 43 + -18. What is the remainder when x is divided by o(-6)?
4
Let k be 1/4 + (-27)/(-4). Let o(m) = -1 + 0 + 2*m - 4. Calculate the remainder when o(k) is divided by 5.
4
Let r = -6 - -14. Suppose 14*u = 18*u - 148. What is the remainder when u is divided by r?
5
Let r = -12 - -2. Let s = r - -16. Suppose -3*f = -3*z + s, 10 + 0 = -z + 5*f. What is the remainder when 13 is divided by z?
3
Calculate the remainder when 51 is divided by (-1 + 1 + -9)*5/(-3).
6
Let n = 36 + 62. What is the remainder when n is divided by 20?
18
Suppose 44 = 5*u - 11. Let g(w) = 3*w**2 + 29*w + 22. Calculate the remainder when g(-10) is divided by u.
10
Let g(n) = n**2 + 7*n + 8. Let i be g(-6). Let k(q) = 2*q**2 - 2*q + 1. Let t(x) = -2*x - 13. Calculate the remainder when t(-11) is divided by k(i).
4
Let w(r) = r**2 + 2. Calculate the remainder when w(3) is divided by 7.
4
Let t(g) = g**3 + 7*g**2 + 4*g + 2. Calculate the remainder when 39 is divided by t(-6).
11
What is the remainder when ((-4)/4)/(1/(-29)) is divided by 10?
9
Suppose -3*i = -181 - 47. Suppose i = -f + 3*f. Calculate the remainder when f is divided by 13.
12
Calculate the remainder when 137/((-2 + -2)/(-4)) is divided by 48.
41
Let l = 17 + 7. Suppose 0 = -5*w - 7 + 2, -2*o - 4*w + 22 = 0. What is the remainder when l is divided by o?
11
Suppose -1 = d - 11. Let g(x) = 3*x - 13. Calculate the remainder when g(10) is divided by d.
7
Let v(d) = -2*d**3 - 6*d**2 + d + 5. Let j be v(-4). Calculate the remainder when (-7 - -6)/(1/(-15)) is divided by j/4 - 1/4.
7
Let s(c) be the third derivative of c**6/120 + 2*c**5/15 + c**4/4 + c**3/3 - 6*c**2. Calculate the remainder when 35 is divided by s(-7).
8
Suppose -b + 160 - 23 = 5*a, 5*b + 43 = a. Suppose 0 = 2*d - 5 + 3. Let x(c) = 10*c**3 + c - 1. What is the remainder when a is divided by x(d)?
8
Calculate the remainder when (10 + -11)/(2/(-28)) is divided by 5.
4
Let u = 6 - 4. Suppose -3*f = u*f - 15. Suppose -4*b = -2*o - 54, -f*b + 27 = -3*o - 21. Calculate the remainder when 41 is divided by b.
8
Let f = 28 + -13. Let n(i) = 2*i**2 + 10*i + 1. Let k = -19 - -12. Calculate the remainder when n(k) is divided by f.
14
Let g be (-87)/(-12) + (-1)/4. Suppose -g*n = -8*n + 12. Calculate the remainder when 23 is divided by n.
11
Let a(i) = i**3 - 15*i**2 + 2*i + 5. What is the remainder when a(15) is divided by 14?
7
Calculate the remainder when 143 is divided by ((-18)/27)/((-2)/108).
35
Let s(d) = d**2. Let k be s(0). Suppose k = 5*t - 2*t - 21. What is the remainder when 11 is divided by t?
4
Let w = -28 + 39. Let s be ((-18)/(-21))/(3/21). Suppose 2*p - p - s = 0. What is the remainder when w is divided by p?
5
Let w be (-1)/4 + 38/(-8). Let i(x) = x**2 - 3*x - 7. What is the remainder when i(w) is divided by 12?
9
Suppose 4*r = -0*v - v + 12, 2*r - 56 = -3*v. What is the remainder when 119 is divided by v?
19
Suppose 2*b + 3*z - 97 = 0, -2*z = -2*b - 0*b + 92. Let o be 8/(-20) - 144/(-10). Let i = o + b. Calculate the remainder when i is divided by 21.
19
Let t(w) = w**2 + 2*w - 2. What is the remainder when t(-8) is divided by 16?
14
Let n = -6 + 12. Suppose -c - 305 = -n*c. Calculate the remainder when c is divided by 16.
13
Let i(k) = 2*k + 12. What is the remainder when i(7) is divided by (-4)/(-14) + 122/14?
8
What is the remainder when (-1 - 2)/((-6)/44) is divided by 8?
6
Let i be (-1)/(-3) - (-10)/(-3). What is the remainder when (-570)/(-18) + (-1)/i is divided by 11?
10
Let l(s) = s + 7. Let d be l(-6). Let g = 4 - d. What is the remainder when g is divided by 2?
1
Suppose r + 141 = 4*r. Suppose 5*p = p + 4. What is the remainder when r is divided by 17/p + 1/(-1)?
15
Suppose 36 = 2*o + o. What is the remainder when 11 is divided by o/4 + -4 - -8?
4
Let d(j) = -j**3 + 3*j**2 - 2*j + 2. Let n be d(3). Let t(i) = 3*i**2 + 5*i - 4. Calculate the remainder when 278/6 + 7/(-21) is divided by t(n).
22
Suppose 8*f - 87 = 5*f. Calculate the remainder when f is divided by 16.
13
Let f be 3*(4 - (0 + 3)). Suppose -45 - 48 = -f*h - 5*o, -2*o - 155 = -5*h. Calculate the remainder when 92 is divided by h.
30
Let a(r) = -r**3 + r**2 + 4*r + 24. Calculate the remainder when 191 is divided by a(0).
23
Let b(z) = -z + 4. Let q(t) = -t - 1. Let j(u) = b(u) + q(u). What is the remainder when 42 is divided by j(-6)?
12
Let u(c) = -c**3 + 2*c**2 + c. Let j be u(2). Let m be 85 - -2*2/4. Suppose 0*y - m = -j*y. Calculate the remainder when y is divided by 11.
10
Let t(s) = s**3 + 7*s**2 + 3*s - 7. Let k be t(-6). Suppose -3*n + k = -10. Let c = -15 + 28. Calculate the remainder when c is divided by n.
6
Suppose -192 = -5*m - 3*n, 2*m - 118 = -m + n. What is the remainder when 153 is divided by m?
36
Let l = -61 - -99. What is the remainder when 150 is divided by l?
36
Calculate the remainder when 65 is divided by (-244)/(-14) - (-12)/(-28).
14
Suppose 4 = 4*s - 2*s. Suppose -s*v - 2*l + 20 = 0, 5*l = 4*v + l - 32. Calculate the remainder when 